se 12) in base 10?
-25444
What is 127123 (base 8) in base 11?
30590
111010001011111 (base 2) to base 14
abdd
Convert -812 (base 12) to base 4.
-102032
-2361 (base 9) to base 7
-5056
Convert -52 (base 11) to base 4.
-321
Convert 12444 (base 11) to base 16.
45ab
Convert 723 (base 11) to base 6.
4012
What is 4a1a (base 13) in base 14?
3b81
Convert -3153 (base 10) to base 3.
-11022210
Convert -344 (base 10) to base 12.
-248
-86b8 (base 15) to base 7
-146105
227e (base 16) to base 11
66a8
Convert 3ab7 (base 15) to base 7.
51403
What is -24718 (base 11) in base 10?
-35472
What is -c74 (base 13) in base 5?
-31443
Convert -479 (base 10) to base 15.
-21e
Convert 1001100100 (base 2) to base 15.
2ac
Convert 201 (base 9) to base 7.
322
136a (base 11) to base 10
1770
-13040 (base 6) to base 5
-30333
Convert -462 (base 9) to base 5.
-3010
What is 25216 (base 9) in base 13?
7935
-12013 (base 5) to base 12
-617
8bb (base 16) to base 9
3053
409 (base 11) to base 14
273
What is 10344 (base 9) in base 10?
6844
284b8 (base 12) to base 5
3243022
10599 (base 14) to base 5
2231111
10001101000 (base 2) to base 3
1112210
What is 2404 (base 5) in base 14?
1b4
-1111000 (base 2) to base 15
-80
-d5fd (base 16) to base 9
-83127
54 (base 8) to base 14
32
What is -210202 (base 3) in base 16?
-24b
Convert 2112011 (base 5) to base 3.
1210100210
17c4 (base 14) to base 8
10300
What is -244416 (base 7) in base 4?
-22323333
Convert -181b (base 15) to base 9.
-7118
-2534 (base 11) to base 12
-1ab4
221101 (base 3) to base 7
1666
-2a6a (base 12) to base 9
-6741
Convert -13203 (base 4) to base 12.
-343
What is 274 (base 8) in base 10?
188
Convert 50352 (base 6) to base 7.
25205
What is -22203 (base 4) in base 7?
-1653
What is -120100 (base 4) in base 15?
-6d7
What is -211202022 (base 3) in base 15?
-4dab
-502 (base 13) to base 12
-5a7
What is 131440 (base 5) in base 12?
3051
-1010000 (base 2) to base 4
-1100
Convert -214214 (base 5) to base 13.
-34cb
What is -1220342 (base 5) in base 12?
-11532
-62e (base 15) to base 16
-572
What is 1003010 (base 4) in base 16?
10c4
What is -74b (base 15) in base 3?
-2020222
122201 (base 3) to base 4
13132
-241400 (base 6) to base 4
-11021220
11966 (base 11) to base 2
100001011101101
Convert 5b2 (base 13) to base 16.
3de
Convert b09 (base 14) to base 7.
6212
What is -2632 (base 10) in base 2?
-101001001000
What is -33f2 (base 16) in base 5?
-411143
Convert 10023122 (base 4) to base 8.
41332
What is 489 (base 13) in base 9?
1066
What is 1a4 (base 15) in base 4?
11323
Convert -127d (base 16) to base 15.
-1608
627 (base 9) to base 2
111111111
157 (base 10) to base 4
2131
What is 38d (base 16) in base 6?
4113
-2aa (base 14) to base 5
-4132
What is 1021201112 (base 3) in base 2?
110001011100001
What is 312133 (base 4) in base 9?
4704
Convert -275 (base 14) to base 9.
-610
-204240 (base 6) to base 14
-6036
a2c (base 13) to base 14
8b6
What is 6267 (base 8) in base 15?
e70
Convert -581 (base 11) to base 3.
-221201
Convert 1039 (base 12) to base 15.
7d3
13b5 (base 12) to base 4
203321
429 (base 11) to base 7
1334
Convert -101131 (base 4) to base 8.
-2135
Convert 1302 (base 6) to base 8.
506
1442 (base 8) to base 4
30202
2152 (base 10) to base 7
6163
Convert 50544 (base 7) to base 12.
7136
Convert -10512 (base 7) to base 8.
-5137
What is -422335 (base 6) in base 2?
-1000010111010011
What is -2023230 (base 4) in base 8?
-21354
What is -1d3 (base 15) in base 3?
-120200
Convert 32db (base 16) to base 8.
31333
-5551 (base 10) to base 12
-3267
-486 (base 9) to base 4
-12102
Convert 391 (base 15) to base 10.
811
What is -12140 (base 10) in base 12?
-7038
Convert 2012121 (base 3) to base 12.
b21
What is -23110233 (base 4) in base 6?
-554423
-90583 (base 10) to base 9
-147227
What is -9c (base 15) in base 9?
-173
Convert -216 (base 15) to base 4.
-13113
Convert 203 (base 14) to base 11.
32a
Convert -12050 (base 6) to base 7.
-5061
-472c (base 15) to base 10
-15117
Convert 659 (base 12) to base 2.
1110100101
8236 (base 12) to base 13
659a
Convert -25257 (base 8) to base 9.
-15881
What is 1004 (base 14) in base 4?
222330
What is 2527 (base 13) in base 3?
21020021
256 (base 8) to base 12
126
-13375 (base 11) to base 16
-4a87
Convert 211220 (base 3) to base 10.
618
Convert -21040 (base 5) to base 9.
-1820
Convert 495 (base 11) to base 14.
300
3417 (base 10) to base 7
12651
15bc7 (base 14) to base 2
1101010011000011
What is -80 (base 16) in base 6?
-332
What is 1840 (base 16) in base 6?
44424
Convert -79 (base 16) to base 8.
-171
Convert -5722 (base 9) to base 14.
-1784
18ad (base 15) to base 14
1d34
What is 1011010110101 (base 2) in base 10?
5813
-10010011110011 (base 2) to base 14
-3639
Convert 2732 (base 8) to base 14.
790
What is -1502 (base 6) in base 4?
-12032
-966 (base 15) to base 13
-c72
12012020 (base 3) to base 2
111011001010
Convert 3832 (base 9) to base 7.
11231
Convert 61352 (base 7) to base 12.
8785
What is 111451 (base 6) in base 5?
300323
323 (base 12) to base 13
294
Convert 7a (base 15) to base 3.
11021
What is -1430 (base 10) in base 6?
-10342
22020120 (base 3) to base 9
8216
Convert 223324 (base 6) to base 9.
27847
-112334 (base 6) to base 8
-22642
What is 373 (base 11) in base 4?
12323
What is -2b78 (base 16) in base 7?
-44305
1145 (base 11) to base 7
4243
-21420 (base 5) to base 13
-8a3
Convert -12330103 (base 4) to base 14.
-a511
Convert deb8 (base 15) to base 9.
71662
-19115 (base 10) to base 16
-4aab
What is -10a8 (base 16) in base 11?
-3227
Convert 8 (base 15) to base 5.
13
What is 1727 (base 9) in base 15?
5d1
Convert -101010111101 (base 2) to base 9.
-3684
ce5 (base 16) to base 8
6345
What is -20120330 (base 4) in base 16?
-863c
Convert 5371 (base 10) to base 9.
7327
-203200 (base 4) to base 6
-14304
111c (base 14) to base 13
1472
Convert 3167 (base 11) to base 9.
5662
1404 (base 9) to base 2
10000100001
What is 1055 (base 6) in base 12?
18b
-859a (base 15) to base 2
-110111001101110
-1d0 (base 14) to base 5
-3003
Convert -670 (base 11) to base 9.
-1082
371 (base 12) to base 5
4032
What is -14627 (base 11) in base 7?
-114260
-2393 (base 10) to base 8
-4531
Convert 1860 (base 12) to base 9.
4040
Convert -60 (base 9) to base 4.
-312
Convert -2542 (base 6) to base 7.
-1601
-1111000000 (base 2) to base 9
-1276
What is 26104 (base 7) in base 2?
1101100000001
What is -14231 (base 6) in base 12?
-1377
What is 252 (base 12) in base 15?
185
What is 241030 (base 6) in base 16?
51ea
-485 (base 15) to base 13
-60b
What is 1320 (base 7) in base 10?
504
Convert -4201 (base 8) to base 15.
-9a2
What is 442 (base 10) in base 15?
1e7
What is 1c80 (base 14) in base 5?
131313
Convert -1260 (base 7) to base 4.
-13203
Convert -8 (base 15) to base 14.
-8
Convert -f48 (base 16) to base 13.
-1a1c
Convert -3bd (base 14) to base 12.
-52b
Convert -3cd (base 14) to base 11.
-63a
What is 269b7 (base 12) in base 10?
53275
Convert 10103 (base 4) to base 6.
1135
Convert 721 (base 10) to base 15.
331
-253201 (base 6) to base 10
-22753
What is -69 (base 14) in base 4?
-1131
Convert -1020213 (base 4) to base 5.
-122042
124340 (base 8) to base 6
532052
Convert -62216 (base 8) to base 6.
-315102
Convert -22bc (base 14) to base 2.
-1011110011110
What is -36523 (base 7) in base 9?
-14051
-3004 (base 5) to base 13
-232
-195 (base 12) to base 14
-145
What is 10211210 (base 3) in base 8?
5362
What is c4c (base 15) in base 3?
10210200
-161a (base 14) to base 6
-30132
-3202144 (base 5) to base 13
-1b417
Convert -1bd2 (base 14) to base 2.
-1001111011100
What is 1222 (base 4) in base 9?
127
Convert 123220 (base 4) to base 11.
1368
10111000101 (base 2) to base 8
2705
-923 (base 13) to base 5
-22200
-148a (base 11) to base 4
-131321
What is 279c (base 13) in base 16?
164a
Convert 3651 (base 9) to base 6.
20331
1003132 (base 4) to base 13
1c72
1100001101 (base 2) to base 6
3341
-4010 (base 6) to base 9
-1166
1a0b (base 15) to base 9
7652
What is -1000000101001011 (base 2) in base 8?
-100513
210220 (base 3) to base 11
498
-5822 (base 14) to base 6
-154530
541 (base 10) to base 6
2301
-20615 (base 8) to base 5
-233324
Convert 3335 (base 6) to base 15.
36e
Convert -206 (base 10) to base 7.
-413
Convert 553 (base 16) to base 14.
6d5
5096 (base 13) to base 4
2231210
Convert 15122 (base 6) to ba